base 2, what is 1 - -100100000010100001010?
100100000010100001011
In base 4, what is -33100002033131 - 3?
-33100002033200
In base 12, what is 9a13 - 1809?
8206
In base 6, what is -21 - -32031214?
32031153
In base 16, what is 7a1b + -2fe1?
4a3a
In base 12, what is -a4 - 403b6?
-4049a
In base 14, what is -4d36 - 161?
-5097
In base 3, what is 2 - -22101000022022121?
22101000022022200
In base 9, what is 24 - -155685?
155720
In base 10, what is -9 + -3113455?
-3113464
In base 13, what is -3045584 + -4?
-3045588
In base 14, what is 1 - 14266c9b?
-14266c9a
In base 14, what is 140c1 + 933?
14a14
In base 16, what is -139 - 612717?
-612850
In base 9, what is 0 + 12764144?
12764144
In base 14, what is 5 + 17dc06?
17dc0b
In base 15, what is -11b0 - 1a6ba?
-1b87a
In base 3, what is 100210102 + -100201202?
1200
In base 16, what is 731 - 5dc3?
-5692
In base 3, what is -1111111221100201 + -210?
-1111111221101111
In base 2, what is -11110101100011011111010 - -100?
-11110101100011011110110
In base 5, what is 134220 + 13011?
202231
In base 13, what is 3c94539 + 15?
3c94551
In base 3, what is 1220112 - -1212100?
10202212
In base 5, what is 10 + -201111211002?
-201111210442
In base 5, what is -1243 + -4442441?
-4444234
In base 16, what is -3 - -d3ef?
d3ec
In base 10, what is -40026 - 251?
-40277
In base 8, what is -220751 - -26?
-220723
In base 4, what is 122323131113 - -10?
122323131123
In base 4, what is 2 - -121023332233?
121023332301
In base 2, what is 100 - 1000110011101101011111?
-1000110011101101011011
In base 7, what is -12223140 + 14?
-12223123
In base 8, what is -3 - -444370770?
444370765
In base 5, what is 420 + 3412124?
3413044
In base 7, what is -6 - -24066165?
24066156
In base 4, what is -31312023013 + 1?
-31312023012
In base 7, what is 12031 + -10664?
1034
In base 11, what is 68a43 - -1?
68a44
In base 5, what is 233420212 - 224?
233414433
In base 11, what is -45336572 - -5?
-45336568
In base 9, what is -2 + -533456?
-533458
In base 13, what is 5 + -32877a?
-328775
In base 13, what is 24 - b44282?
-b4425b
In base 2, what is 10111001 + 1001100001100110?
1001100100011111
In base 2, what is -11100111 + -10111111011011100110?
-10111111011111001101
In base 6, what is 14443 + -320112?
-301225
In base 16, what is f440 + ae?
f4ee
In base 14, what is 1c + 21734c?
21736a
In base 6, what is 300 - -112205533?
112210233
In base 6, what is -312 - 11330?
-12042
In base 10, what is 546 - -726034?
726580
In base 5, what is -100242 - -232013?
131221
In base 10, what is -530 + 3296?
2766
In base 16, what is -988 - -1e1d?
1495
In base 13, what is -4 - -282b8ac?
282b8a8
In base 15, what is -9 + 7251bc?
7251b3
In base 5, what is -313234 - -204213?
-104021
In base 2, what is 0 + 10111100010100110011110?
10111100010100110011110
In base 10, what is 8 - -4274187?
4274195
In base 10, what is 79 + 1762132?
1762211
In base 2, what is -101110000001001011110 + 1010011?
-101110000001000001011
In base 9, what is -82011444 - 1?
-82011445
In base 8, what is -570012 + -24302?
-614314
In base 3, what is -11 + 2100210000121?
2100210000110
In base 12, what is -13b57b51 - 4?
-13b57b55
In base 14, what is c4d64 + -99a?
c43a8
In base 11, what is -9 - 1922765?
-1922773
In base 7, what is -1452 + -31623?
-33405
In base 12, what is 7 + b16b444?
b16b44b
In base 5, what is -3433 + -11203412?
-11212400
In base 13, what is -2073a1 + -8?
-2073a9
In base 14, what is -36 - -853c9?
85393
In base 8, what is 52342051 + -55?
52341774
In base 10, what is 45973989 - 3?
45973986
In base 6, what is -15351440 - 3422?
-15355302
In base 14, what is -bad1d - 11?
-bad30
In base 12, what is -2b + -9bbb1?
-a0020
In base 2, what is 11011110000101000010001101 - 1010?
11011110000101000010000011
In base 12, what is -a12b - 903?
-aa32
In base 2, what is 11 + 1001111010000010000100?
1001111010000010000111
In base 5, what is 24424114 + 321?
24424440
In base 10, what is -50 + 2951629?
2951579
In base 9, what is -36 - -226386?
226350
In base 14, what is -1871 + -567?
-1dd8
In base 2, what is -100 + -100000110011001111101011001?
-100000110011001111101011101
In base 14, what is 5044 - b2c?
4316
In base 11, what is -9a386 + -3620?
-a29a6
In base 15, what is 1120 + 221?
1341
In base 16, what is 6 - 60c4de?
-60c4d8
In base 8, what is 0 + 24633635?
24633635
In base 13, what is 1 + -10867bc?
-10867bb
In base 6, what is 12 - -430024101?
430024113
In base 15, what is -196 - 31ee0?
-32186
In base 16, what is -94b1d53 - 4?
-94b1d57
In base 11, what is 4426 - aa20?
-65a5
In base 4, what is -233032332210331 + -2?
-233032332210333
In base 16, what is -25fbec + -1?
-25fbed
In base 16, what is -9f7daa + -e?
-9f7db8
In base 7, what is 13046042 - 30?
13046012
In base 16, what is 8 - -991b133?
991b13b
In base 12, what is 130763 - 2a6?
130479
In base 10, what is -5 - 7738381?
-7738386
In base 3, what is -10 + 12011122202120?
12011122202110
In base 4, what is -22202 - 221022?
-303230
In base 5, what is -1301141 + -2134001?
-3440142
In base 8, what is 17674 + 126?
20022
In base 10, what is -11470591 + 8?
-11470583
In base 8, what is 17 + -421066?
-421047
In base 7, what is 436213505 - 24?
436213451
In base 4, what is -2 - -11313202331210?
11313202331202
In base 6, what is -5543 + -12103?
-22050
In base 9, what is 885480 + 881?
886471
In base 8, what is 2334 + -60043?
-55507
In base 9, what is 56 + 377878?
378045
In base 5, what is -142310 - 111?
-142421
In base 3, what is -1021021 + -1121002111122?
-1121010202220
In base 9, what is 0 + 405208?
405208
In base 8, what is 0 + 164065451?
164065451
In base 6, what is -242 + -40140222?
-40140504
In base 3, what is 111220120102022122 - -10?
111220120102022202
In base 6, what is 132 - 14350103?
-14345531
In base 16, what is 37d7 + -9a7?
2e30
In base 9, what is -656 + 6813?
6146
In base 15, what is 3b599321 - 3?
3b59931d
In base 16, what is -f - 10a9754?
-10a9763
In base 16, what is 1c + -209e?
-2082
In base 10, what is -27 - -6516497?
6516470
In base 10, what is -5612 - 507?
-6119
In base 13, what is -13bb78 - -30?
-13bb48
In base 2, what is 11000 + -1100001001011001100010000?
-1100001001011001011111000
In base 3, what is 1101220 - -12122202022?
12201011012
In base 12, what is a8b8 - -106a3?
1b39b
In base 6, what is -430 + 514403?
513533
In base 6, what is 52411 - -1422321?
1515132
In base 11, what is -3784 - 6a768?
-73441
In base 12, what is 3 - 197786a6?
-197786a3
In base 16, what is -2662a4 + -13?
-2662b7
In base 11, what is -261a6 - -15267?
-10a3a
In base 16, what is 10b - -157b0?
158bb
In base 8, what is 325551 - -244?
326015
In base 12, what is 1ba6 + 3a69?
5a53
In base 8, what is 67203135 + 2?
67203137
In base 9, what is 14 - 766071?
-766056
In base 12, what is -192 + 77843?
77671
In base 9, what is -466118131 + 0?
-466118131
In base 7, what is -225 + 1515551?
1515323
In base 14, what is -9093cc - -71?
-90935b
In base 6, what is 21032215 + -3013?
21025202
In base 14, what is 8c2358 - -9?
8c2363
In base 16, what is -49c9 - ac96?
-f65f
In base 5, what is -22240404 - 14?
-22240423
In base 16, what is -15960 + -161b?
-16f7b
In base 3, what is -112112210 - -1222222?
-110112211
In base 11, what is -18065718 + 0?
-18065718
In base 16, what is -177 + 4b057?
4aee0
In base 6, what is -221 - -31312241?
31312020
In base 7, what is -20340404 + -12?
-20340416
In base 5, what is -121340202 - 3041?
-121343243
In base 12, what is 8a77 - -3956?
10811
In base 7, what is 221523352 - -15?
221523400
In base 2, what is -101 - 10010011101111010110010110?
-10010011101111010110011011
In base 7, what is 1064 + 353601?
354665
In base 6, what is -1130055325 - 4?
-1130055333
In base 5, what is 3020013143143 + -10?
3020013143133
In base 8, what is -2276 + -305120?
-307416
In base 9, what is -44221868 - -2?
-44221866
In base 9, what is 144425336 + 2?
144425338
In base 13, what is -1c2 - -182c?
163a
In base 10, what is -1 + 246715111?
246715110
In base 2, what is -1100 - -1001100100110110111000?
1001100100110110101100
In base 8, what is 37333221 + 2?
37333223
In base 6, what is -52 + -223405?
-223501
In base 10, what is 1506980 - 86?
1506894
In base 5, what is 132133 + 401?
133034
In base 13, what is b053 - -26b?
b2c1
In base 15, what is 810 + -1275?
-965
In base 12, what is -3 - 1017265?
-1017268
In base 11, what is 2 - 24a